
13
Calculate the greatest common divisor of 16328 and 9672299.
2041
Calculate the highest common divisor of 55207850 and 100.
50
Calculate the highest common divisor of 1010 and 11025665.
505
Calculate the highest common divisor of 8525 and 1022725.
275
Calculate the highest common factor of 3256 and 30523504.
88
What is the greatest common factor of 57467416 and 2616?
872
Calculate the greatest common divisor of 29532 and 4719342.
642
What is the greatest common divisor of 29 and 579349675?
29
What is the greatest common factor of 18 and 174303993?
3
Calculate the highest common divisor of 65705430 and 2604.
1302
What is the highest common divisor of 10540833 and 18734?
493
What is the highest common factor of 16 and 1891024?
16
What is the greatest common divisor of 2724887 and 891?
11
Calculate the highest common divisor of 3948 and 6104172.
564
What is the greatest common factor of 1988 and 10734916?
284
Calculate the highest common factor of 2204 and 2543532.
116
Calculate the highest common factor of 9951584 and 736.
32
Calculate the greatest common factor of 421401762 and 4548.
2274
Calculate the highest common factor of 3704 and 63334696.
3704
Calculate the highest common factor of 6702 and 187854.
6
What is the highest common factor of 40328454 and 663?
51
What is the highest common factor of 359763835 and 248?
31
Calculate the highest common factor of 3622372 and 169.
13
What is the greatest common factor of 7312097 and 505?
101
Calculate the greatest common divisor of 438 and 202251756.
438
What is the highest common divisor of 747 and 61249767?
249
Calculate the greatest common divisor of 1129827491 and 2119.
2119
What is the highest common factor of 1700 and 17545?
5
Calculate the greatest common factor of 1996 and 1167801716.
1996
What is the greatest common factor of 1256364 and 290196?
108
What is the highest common divisor of 239512915 and 1213?
1213
Calculate the highest common divisor of 13000 and 107344250.
3250
What is the greatest common factor of 416 and 291136?
32
What is the highest common factor of 11400 and 4560?
2280
What is the greatest common factor of 13568 and 2626048?
256
What is the greatest common divisor of 212459 and 16237?
13
Calculate the highest common divisor of 1257971 and 715.
143
Calculate the greatest common factor of 26302452 and 858.
66
Calculate the greatest common factor of 203890972 and 2292.
764
Calculate the greatest common divisor of 58853 and 12481719.
257
Calculate the highest common divisor of 36743 and 30102.
29
What is the greatest common factor of 44 and 1775128?
4
Calculate the greatest common factor of 5341167 and 702.
351
What is the highest common factor of 107619 and 418818?
87
What is the greatest common factor of 1598336 and 576?
64
Calculate the greatest common factor of 750 and 3369625.
125
What is the highest common factor of 2852 and 482504212?
2852
What is the greatest common factor of 159 and 13311003?
159
What is the highest common divisor of 5145 and 2156763?
21
What is the highest common factor of 2370 and 750810?
30
What is the greatest common factor of 103172633 and 87?
29
What is the highest common divisor of 783 and 12877305?
87
What is the greatest common factor of 660099 and 2195269?
241
Calculate the highest common factor of 482380 and 13795.
445
Calculate the highest common factor of 21335 and 341666.
17
Calculate the highest common divisor of 642224 and 832.
16
What is the highest common factor of 100370549 and 24988?
6247
Calculate the greatest common divisor of 885770 and 70.
10
Calculate the highest common factor of 9350 and 16570376.
34
Calculate the greatest common divisor of 3354 and 74802.
78
Calculate the highest common divisor of 4867 and 8513.
1
Calculate the greatest common factor of 388537 and 8473.
37
What is the highest common divisor of 6923 and 208636?
43
What is the greatest common factor of 962 and 875056?
26
What is the greatest common divisor of 10955915 and 1130?
565
Calculate the highest common factor of 7400412 and 895500.
7164
Calculate the greatest common factor of 19618 and 7303666.
1154
Calculate the greatest common factor of 1518 and 142803826.
506
Calculate the greatest common factor of 1785 and 10235715.
105
What is the highest common divisor of 6980 and 1120?
20
What is the highest common divisor of 1449 and 7469973?
63
Calculate the highest common factor of 1694 and 6354733.
77
Calculate the greatest common divisor of 1857084 and 91500.
732
Calculate the highest common factor of 8513616 and 35841.
2757
What is the greatest common factor of 299232874 and 2?
2
What is the greatest common divisor of 94877928 and 108?
36
Calculate the greatest common divisor of 50178 and 54.
6
Calculate the greatest common factor of 442 and 1681334.
34
Calculate the greatest common divisor of 332 and 235310063.
83
Calculate the highest common divisor of 115 and 115923565.
115
What is the greatest common divisor of 448 and 139795264?
448
What is the greatest common factor of 215 and 414173205?
215
Calculate the greatest common divisor of 5174400 and 24.
24
What is the highest common divisor of 608 and 11037168?
16
What is the highest common divisor of 25545 and 149557460?
8515
Calculate the greatest common factor of 25 and 524659975.
25
What is the highest common factor of 92540132 and 10787?
1541
Calculate the highest common factor of 635 and 2131949.
127
Calculate the greatest common factor of 249266101 and 72205.
14441
What is the greatest common factor of 46557 and 1296351?
63
Calculate the greatest common factor of 49203 and 5339271.
1491
What is the greatest common factor of 484677 and 2646?
27
Calculate the greatest common factor of 1528950120 and 6060.
6060
What is the highest common divisor of 17713369 and 403?
31
What is the greatest common factor of 4 and 383138?
2
Calculate the greatest common divisor of 19990700 and 1012650.
2150
What is the highest common divisor of 14122031 and 1694?
847
Calculate the greatest common divisor of 74488 and 13672.
8
What is the highest common divisor of 40541415 and 15170?
205
What is the greatest common divisor of 451 and 22426877?
451
What is the highest common factor of 1416 and 1031143?
59
What is the greatest common factor of 1461175 and 208679?
211
What is the greatest common divisor of 213543188 and 488?
244
What is the greatest common divisor of 4119 and 578033?
1373
What is the greatest common divisor of 12551 and 23856028?
1141
Calculate the greatest common factor of 132 and 16900008.
12
What is the highest common factor of 97933 and 12042382?
3377
What is the highest common divisor of 115804 and 17238?
442
Calculate the highest common factor of 55856832 and 1836.
204
Calculate the greatest common factor of 4256 and 5971.
7
What is the highest common factor of 42 and 1025072118?
42
Calculate the greatest common factor of 12355376 and 22.
22
What is the greatest common factor of 1086252 and 131000?
524
What is the highest common factor of 2735636 and 24?
4
What is the highest common divisor of 395560 and 26939?
341
Calculate the greatest common divisor of 282024940 and 40.
20
Calculate the greatest common factor of 806 and 274467862.
62
Calculate the highest common divisor of 168220 and 56851890.
6470
What is the greatest common factor of 13073759 and 2101?
191
What is the highest common factor of 23424 and 2791848?
1464
What is the greatest common factor of 1403182 and 132?
22
Calculate the highest common factor of 1479495 and 105.
15
Calculate the greatest common factor of 8446 and 27634.
82
What is the greatest common factor of 545525752 and 7352?
7352
What is the greatest common divisor of 2948320 and 640?
160
What is the greatest common divisor of 215154500 and 440?
220
Calculate the greatest common divisor of 5580 and 70900.
20
Calculate the greatest common divisor of 1909600706 and 689.
689
Calculate the greatest common divisor of 184 and 6460700.
92
What is the highest common divisor of 68634 and 2936133?
369
Calculate the highest common factor of 6966 and 1462698.
162
What is the greatest common factor of 2621864 and 322?
14
What is the highest common divisor of 1444 and 22520624?
1444
Calculate the greatest common divisor of 5179954 and 78.
26
What is the greatest common factor of 